{"id":85,"date":"2025-10-23T20:34:54","date_gmt":"2025-10-23T20:34:54","guid":{"rendered":"http:\/\/elcolegiodehidalgo.edu.mx\/renper\/?page_id=85"},"modified":"2025-10-23T20:34:54","modified_gmt":"2025-10-23T20:34:54","slug":"selvas-urbanas","status":"publish","type":"page","link":"http:\/\/elcolegiodehidalgo.edu.mx\/renper\/index.php\/selvas-urbanas\/","title":{"rendered":"Selvas Urbanas"},"content":{"rendered":"\n<p>Objetivo: Generar un espacio de difusi\u00f3n de diferentes temas urbanos, autores, obras, problem\u00e1ticas, proyectos urbanos hist\u00f3ricos de gran relevancia, entre otros rubros, lo anterior mediante radio-capsulas, reflexiones cortas, ensayos y otro tipo de expresiones visuales y auditivas, con lenguaje accesible, no complejo y cotidiano que acerque estos temas a la poblaci\u00f3n en general.&nbsp;<\/p>\n\n\n\n<div class=\"wp-block-columns is-layout-flex wp-container-core-columns-is-layout-9d6595d7 wp-block-columns-is-layout-flex\">\n<div class=\"wp-block-column is-layout-flow wp-block-column-is-layout-flow\">\n<p><strong>1\u00ba Jane Jacobs 1916<\/strong><\/p>\n\n\n\n<p>Editora de la Revista Architectural Forum, c\u00edtricas a las tendencias urban\u00edsticas para la d\u00e9cada de los 50s en Norteam\u00e9rica. Se convirti\u00f3 en boss de resistencia y participaci\u00f3n ciudadana. <br>Su libro Muerte y Vida de las Grande Ciudades 1961 donde analiza y ve los fen\u00f3menos urban\u00edsticos.\u00a0<\/p>\n\n\n\n<p>Enlace de c\u00e1psula completa:&nbsp;<\/p>\n\n\n\n<p><a href=\"https:\/\/drive.google.com\/file\/d\/14jZ2IZrWizmbI4yMZY3\">https:\/\/drive.google.com\/file\/d\/14jZ2IZrWizmbI4yMZY3<\/a><a href=\"https:\/\/drive.google.com\/file\/d\/14jZ2IZrWizmbI4yMZY34X575D8sgd3s3\/view?usp=drive_link\">4X575D8sgd3s3\/view?usp=drive_link<\/a>\u00a0<\/p>\n\n\n<div class=\"wp-block-image\">\n<figure class=\"aligncenter is-resized\"><img decoding=\"async\" src=\"http:\/\/elcolegiodehidalgo.edu.mx:90\/renper\/images\/jane-jacobs.jpg\" alt=\"\" style=\"width:347px;height:auto\"\/><\/figure>\n<\/div><\/div>\n\n\n\n<div class=\"wp-block-column is-layout-flow wp-block-column-is-layout-flow\">\n<p><strong>3\u00ba Roberto Gayol 1857&nbsp;<\/strong><\/p>\n\n\n\n<p>Ingeniero urbanista hidalguense, originario de Tulancingo Hidalgo.\u00a0V\u00eda publica mexicana mediante el porfiriato.\u00a0Ferrocarril Xalapa-Perote Veracruz. Director de obras publicas en CDMX.\u00a01825 proyecto del Hospital General, inaugurado en 1905 Por Porfirio D\u00edaz.\u00a0<\/p>\n\n\n\n<p>Enlace de capsula completa:<\/p>\n\n\n\n<p><a href=\"https:\/\/drive.google.com\/file\/d\/1sfgvjdTXh\">https:\/\/drive.google.com\/file\/d\/1sfgvjdTXh<\/a><a href=\"https:\/\/drive.google.com\/file\/d\/1sfgvjdTXhyc1vJsWPhUdJ4nL53xUKbxk\/view?usp=drive_link\">yc1vJsWPhUdJ4nL53xUKbxk\/view?usp=drive_link<\/a><\/p>\n\n\n<div class=\"wp-block-image\">\n<figure class=\"aligncenter\"><img decoding=\"async\" src=\"http:\/\/elcolegiodehidalgo.edu.mx:90\/renper\/images\/gayol.jpg\" alt=\"\"\/><\/figure>\n<\/div><\/div>\n<\/div>\n\n\n\n<div class=\"wp-block-columns is-layout-flex wp-container-core-columns-is-layout-9d6595d7 wp-block-columns-is-layout-flex\">\n<div class=\"wp-block-column is-layout-flow wp-block-column-is-layout-flow\">\n<p><strong>2\u00ba Miguel \u00c1ngel de Quevedo &#8220;Ap\u00f3stol del \u00e1rbol&#8221; 1862<\/strong><\/p>\n\n\n\n<p>Ingeniero civil con especializaci\u00f3n ingenier\u00eda hidr\u00e1ulica Importancia de los bosques en M\u00e9xico y detallo la importancia as\u00ed como la necesidad. Trabajo en el <br><br>Departamento Forestal de la Secretar\u00eda de Agricultura en donde desarrollo un programa de parques para el \u00e1rea urbana de la CDMX.\u00a0Fundaci\u00f3n Forestal Mexicana en 1922.\u00a0<\/p>\n\n\n\n<p>Enlace de c\u00e1psula completa:\u00a0<\/p>\n\n\n\n<p><a href=\"https:\/\/drive.google.com\/file\/d\/11pdrpi74\">https:\/\/drive.google.com\/file\/d\/11pdrpi74<\/a><a href=\"https:\/\/drive.google.com\/file\/d\/11pdrpi74Q3w69m_Bb9FFxaEdMUL4InDg\/view?usp=drive_link\">Q3w69m_Bb9FFxaEdMUL4InDg\/view?usp=drive_link<\/a><\/p>\n\n\n<div class=\"wp-block-image\">\n<figure class=\"aligncenter is-resized\"><img decoding=\"async\" src=\"http:\/\/elcolegiodehidalgo.edu.mx:90\/renper\/images\/miguel-a-q.jpg\" alt=\"\" style=\"width:302px;height:auto\"\/><\/figure>\n<\/div><\/div>\n\n\n\n<div class=\"wp-block-column is-layout-flow wp-block-column-is-layout-flow\">\n<p><\/p>\n\n\n\n<p><\/p>\n<\/div>\n<\/div>\n","protected":false},"excerpt":{"rendered":"<p>Objetivo: Generar un espacio de difusi\u00f3n de diferentes temas urbanos, autores, obras, problem\u00e1ticas, proyectos urbanos hist\u00f3ricos de gran relevancia, entre otros rubros, lo anterior mediante radio-capsulas, reflexiones cortas, ensayos y otro tipo de expresiones visuales y auditivas, con lenguaje accesible, no complejo y cotidiano que acerque estos temas a la poblaci\u00f3n en general.&nbsp; 1\u00ba Jane [&hellip;]<\/p>\n","protected":false},"author":1,"featured_media":0,"parent":0,"menu_order":0,"comment_status":"closed","ping_status":"closed","template":"","meta":{"footnotes":""},"class_list":["post-85","page","type-page","status-publish","hentry"],"_links":{"self":[{"href":"http:\/\/elcolegiodehidalgo.edu.mx\/renper\/index.php\/wp-json\/wp\/v2\/pages\/85","targetHints":{"allow":["GET"]}}],"collection":[{"href":"http:\/\/elcolegiodehidalgo.edu.mx\/renper\/index.php\/wp-json\/wp\/v2\/pages"}],"about":[{"href":"http:\/\/elcolegiodehidalgo.edu.mx\/renper\/index.php\/wp-json\/wp\/v2\/types\/page"}],"author":[{"embeddable":true,"href":"http:\/\/elcolegiodehidalgo.edu.mx\/renper\/index.php\/wp-json\/wp\/v2\/users\/1"}],"replies":[{"embeddable":true,"href":"http:\/\/elcolegiodehidalgo.edu.mx\/renper\/index.php\/wp-json\/wp\/v2\/comments?post=85"}],"version-history":[{"count":1,"href":"http:\/\/elcolegiodehidalgo.edu.mx\/renper\/index.php\/wp-json\/wp\/v2\/pages\/85\/revisions"}],"predecessor-version":[{"id":86,"href":"http:\/\/elcolegiodehidalgo.edu.mx\/renper\/index.php\/wp-json\/wp\/v2\/pages\/85\/revisions\/86"}],"wp:attachment":[{"href":"http:\/\/elcolegiodehidalgo.edu.mx\/renper\/index.php\/wp-json\/wp\/v2\/media?parent=85"}],"curies":[{"name":"wp","href":"https:\/\/api.w.org\/{rel}","templated":true}]}}