{"id":48,"date":"2025-10-23T16:22:30","date_gmt":"2025-10-23T16:22:30","guid":{"rendered":"http:\/\/elcolegiodehidalgo.edu.mx\/renper\/?page_id=48"},"modified":"2026-01-14T20:03:35","modified_gmt":"2026-01-14T20:03:35","slug":"publicaciones-y-bases-de-datos","status":"publish","type":"page","link":"http:\/\/elcolegiodehidalgo.edu.mx\/renper\/index.php\/publicaciones-y-bases-de-datos\/","title":{"rendered":"Publicaciones y bases de datos"},"content":{"rendered":"\n<p>Considerando que la Red Nacional de Posgrados en Estudios Regionales (RENPER) es un espacio de divulgaci\u00f3n e intercambio acad\u00e9mico, en este sitio podr\u00e1n consultarse los trabajos editoriales m\u00e1s recientes de las instituciones que son parte de esta red. As\u00ed mismo, se pueden consultar algunas series estad\u00edsticas oficiales e informaci\u00f3n debidamente validada.<\/p>\n\n\n\n<div class=\"wp-block-columns is-layout-flex wp-container-core-columns-is-layout-9d6595d7 wp-block-columns-is-layout-flex\">\n<div class=\"wp-block-column is-layout-flow wp-block-column-is-layout-flow\">\n<h4 class=\"wp-block-heading has-text-align-center\">Revista de Estudios Regionales,                     Nueva \u00c9poca.<\/h4>\n\n\n\n<figure class=\"wp-block-image is-resized\"><a href=\"http:\/\/www.elcolegiodehidalgo.edu.mx:81\/index.php\/revista\/index\"><img decoding=\"async\" src=\"http:\/\/elcolegiodehidalgo.edu.mx:90\/renper\/images\/revista-colegio.png\" alt=\"\" style=\"width:400px;height:auto\"\/><\/a><\/figure>\n<\/div>\n\n\n\n<div class=\"wp-block-column is-layout-flow wp-block-column-is-layout-flow\">\n<h4 class=\"wp-block-heading has-text-align-center\">Revista de Ciencias Sociales y Humanidades, No\u00e9sis.<\/h4>\n\n\n<div class=\"wp-block-image\">\n<figure class=\"aligncenter size-large is-resized\"><a href=\"http:\/\/erevistas.uacj.mx\/ojs\/index.php\/noesis\/index\"><img loading=\"lazy\" decoding=\"async\" width=\"792\" height=\"1024\" src=\"http:\/\/elcolegiodehidalgo.edu.mx\/renper\/wp-content\/uploads\/2025\/11\/cover_issue_868_es_ES-1-792x1024.png\" alt=\"\" class=\"wp-image-269\" style=\"width:174px;height:auto\" srcset=\"http:\/\/elcolegiodehidalgo.edu.mx\/renper\/wp-content\/uploads\/2025\/11\/cover_issue_868_es_ES-1-792x1024.png 792w, http:\/\/elcolegiodehidalgo.edu.mx\/renper\/wp-content\/uploads\/2025\/11\/cover_issue_868_es_ES-1-232x300.png 232w, http:\/\/elcolegiodehidalgo.edu.mx\/renper\/wp-content\/uploads\/2025\/11\/cover_issue_868_es_ES-1-768x993.png 768w, http:\/\/elcolegiodehidalgo.edu.mx\/renper\/wp-content\/uploads\/2025\/11\/cover_issue_868_es_ES-1-1187x1536.png 1187w, http:\/\/elcolegiodehidalgo.edu.mx\/renper\/wp-content\/uploads\/2025\/11\/cover_issue_868_es_ES-1-1583x2048.png 1583w, http:\/\/elcolegiodehidalgo.edu.mx\/renper\/wp-content\/uploads\/2025\/11\/cover_issue_868_es_ES-1-scaled.png 1979w\" sizes=\"auto, (max-width: 792px) 100vw, 792px\" \/><\/a><\/figure>\n<\/div><\/div>\n<\/div>\n\n\n\n<p class=\"has-text-align-center has-medium-font-size\"><strong>Serie aportes para el desarrollo del estado de Hidalgo<\/strong><\/p>\n\n\n\n<div class=\"wp-block-columns is-layout-flex wp-container-core-columns-is-layout-9d6595d7 wp-block-columns-is-layout-flex\">\n<div class=\"wp-block-column is-layout-flow wp-block-column-is-layout-flow\">\n<figure class=\"wp-block-image\"><img decoding=\"async\" src=\"http:\/\/elcolegiodehidalgo.edu.mx:90\/renper\/images\/publicaciones\/agua.jpg\" alt=\"\"\/><\/figure>\n<\/div>\n\n\n\n<div class=\"wp-block-column is-layout-flow wp-block-column-is-layout-flow\">\n<figure class=\"wp-block-image\"><img decoding=\"async\" src=\"http:\/\/elcolegiodehidalgo.edu.mx:90\/renper\/images\/publicaciones\/pobreza.jpg\" alt=\"\"\/><\/figure>\n<\/div>\n\n\n\n<div class=\"wp-block-column is-layout-flow wp-block-column-is-layout-flow\">\n<figure class=\"wp-block-image\"><img decoding=\"async\" src=\"http:\/\/elcolegiodehidalgo.edu.mx:90\/renper\/images\/publicaciones\/desarrollo.jpg\" alt=\"\"\/><\/figure>\n<\/div>\n\n\n\n<div class=\"wp-block-column is-layout-flow wp-block-column-is-layout-flow\">\n<figure class=\"wp-block-image\"><img decoding=\"async\" src=\"http:\/\/elcolegiodehidalgo.edu.mx:90\/renper\/images\/publicaciones\/gestion.jpg\" alt=\"\"\/><\/figure>\n<\/div>\n<\/div>\n\n\n\n<div class=\"wp-block-columns is-layout-flex wp-container-core-columns-is-layout-9d6595d7 wp-block-columns-is-layout-flex\">\n<div class=\"wp-block-column is-layout-flow wp-block-column-is-layout-flow\">\n<figure class=\"wp-block-image\"><img decoding=\"async\" src=\"http:\/\/elcolegiodehidalgo.edu.mx:90\/renper\/images\/publicaciones\/gobierno.jpg\" alt=\"\"\/><\/figure>\n<\/div>\n\n\n\n<div class=\"wp-block-column is-layout-flow wp-block-column-is-layout-flow\"><\/div>\n\n\n\n<div class=\"wp-block-column is-layout-flow wp-block-column-is-layout-flow\"><\/div>\n\n\n\n<div class=\"wp-block-column is-layout-flow wp-block-column-is-layout-flow\"><\/div>\n<\/div>\n\n\n\n<p class=\"has-text-align-center has-medium-font-size\"><strong>Novedades editoriales<\/strong><\/p>\n\n\n\n<div class=\"wp-block-columns is-layout-flex wp-container-core-columns-is-layout-9d6595d7 wp-block-columns-is-layout-flex\">\n<div class=\"wp-block-column is-layout-flow wp-block-column-is-layout-flow\">\n<figure class=\"wp-block-image\"><img decoding=\"async\" src=\"http:\/\/elcolegiodehidalgo.edu.mx:90\/renper\/images\/publicaciones\/migracion-s.jpg\" alt=\"\"\/><\/figure>\n<\/div>\n\n\n\n<div class=\"wp-block-column is-layout-flow wp-block-column-is-layout-flow\">\n<figure class=\"wp-block-image\"><img decoding=\"async\" src=\"http:\/\/elcolegiodehidalgo.edu.mx:90\/renper\/images\/publicaciones\/contrastes-s.jpg\" alt=\"\"\/><\/figure>\n<\/div>\n\n\n\n<div class=\"wp-block-column is-layout-flow wp-block-column-is-layout-flow\">\n<figure class=\"wp-block-image\"><img decoding=\"async\" src=\"http:\/\/elcolegiodehidalgo.edu.mx:90\/renper\/images\/publicaciones\/aplicacion-s.jpg\" alt=\"\"\/><\/figure>\n<\/div>\n\n\n\n<div class=\"wp-block-column is-layout-flow wp-block-column-is-layout-flow\">\n<figure class=\"wp-block-image\"><img decoding=\"async\" src=\"http:\/\/elcolegiodehidalgo.edu.mx:90\/renper\/images\/publicaciones\/perspectivas-s.jpg\" alt=\"\"\/><\/figure>\n<\/div>\n<\/div>\n\n\n\n<div class=\"wp-block-columns is-layout-flex wp-container-core-columns-is-layout-9d6595d7 wp-block-columns-is-layout-flex\">\n<div class=\"wp-block-column is-layout-flow wp-block-column-is-layout-flow\">\n<figure class=\"wp-block-image\"><img decoding=\"async\" src=\"http:\/\/elcolegiodehidalgo.edu.mx:90\/renper\/images\/publicaciones\/ideas-s.jpg\" alt=\"\"\/><\/figure>\n<\/div>\n\n\n\n<div class=\"wp-block-column is-layout-flow wp-block-column-is-layout-flow\">\n<figure class=\"wp-block-image\"><img decoding=\"async\" src=\"http:\/\/elcolegiodehidalgo.edu.mx:90\/renper\/images\/publicaciones\/organizacion-s.png\" alt=\"\"\/><\/figure>\n<\/div>\n\n\n\n<div class=\"wp-block-column is-layout-flow wp-block-column-is-layout-flow\"><\/div>\n\n\n\n<div class=\"wp-block-column is-layout-flow wp-block-column-is-layout-flow\"><\/div>\n<\/div>\n\n\n\n<p class=\"has-text-align-center has-medium-font-size\"><strong>Revista semestral<\/strong><\/p>\n\n\n\n<div class=\"wp-block-columns is-layout-flex wp-container-core-columns-is-layout-9d6595d7 wp-block-columns-is-layout-flex\">\n<div class=\"wp-block-column is-layout-flow wp-block-column-is-layout-flow\">\n<figure class=\"wp-block-image\"><img decoding=\"async\" src=\"http:\/\/elcolegiodehidalgo.edu.mx:90\/renper\/images\/publicaciones\/primera_edicion.jpg\" alt=\"\"\/><\/figure>\n<\/div>\n\n\n\n<div class=\"wp-block-column is-layout-flow wp-block-column-is-layout-flow\">\n<figure class=\"wp-block-image\"><img decoding=\"async\" src=\"http:\/\/elcolegiodehidalgo.edu.mx:90\/renper\/images\/publicaciones\/segunda_edicion.jpg\" alt=\"\"\/><\/figure>\n<\/div>\n\n\n\n<div class=\"wp-block-column is-layout-flow wp-block-column-is-layout-flow\">\n<figure class=\"wp-block-image\"><img decoding=\"async\" src=\"http:\/\/elcolegiodehidalgo.edu.mx:90\/renper\/images\/publicaciones\/tercera_edicion.jpg\" alt=\"\"\/><\/figure>\n<\/div>\n\n\n\n<div class=\"wp-block-column is-layout-flow wp-block-column-is-layout-flow\">\n<figure class=\"wp-block-image\"><img decoding=\"async\" src=\"http:\/\/elcolegiodehidalgo.edu.mx:90\/renper\/images\/publicaciones\/cuarta_edicion.jpg\" alt=\"\"\/><\/figure>\n<\/div>\n<\/div>\n\n\n\n<h3 class=\"wp-block-heading has-text-align-center\"><strong>Libros<\/strong><\/h3>\n\n\n\n<div class=\"wp-block-columns is-layout-flex wp-container-core-columns-is-layout-9d6595d7 wp-block-columns-is-layout-flex\">\n<div class=\"wp-block-column is-layout-flow wp-block-column-is-layout-flow\">\n<h4 class=\"wp-block-heading has-text-align-center\">Nuevas cartograf\u00edas de la desigualdad socioterritorial. Abordajes cr\u00edticos desde Am\u00e9rica Latina.<\/h4>\n\n\n<div class=\"wp-block-image\">\n<figure class=\"aligncenter size-large is-resized\"><a href=\"https:\/\/press.religacion.com\/index.php\/press\/catalog\/book\/349\" target=\"_blank\" rel=\" noreferrer noopener\"><img loading=\"lazy\" decoding=\"async\" width=\"683\" height=\"1024\" src=\"http:\/\/elcolegiodehidalgo.edu.mx\/renper\/wp-content\/uploads\/2025\/11\/submission_349_349_coverImage_es_ES_t-3-683x1024.jpg\" alt=\"\" class=\"wp-image-266\" style=\"width:170px;height:auto\" srcset=\"http:\/\/elcolegiodehidalgo.edu.mx\/renper\/wp-content\/uploads\/2025\/11\/submission_349_349_coverImage_es_ES_t-3-683x1024.jpg 683w, http:\/\/elcolegiodehidalgo.edu.mx\/renper\/wp-content\/uploads\/2025\/11\/submission_349_349_coverImage_es_ES_t-3-200x300.jpg 200w, http:\/\/elcolegiodehidalgo.edu.mx\/renper\/wp-content\/uploads\/2025\/11\/submission_349_349_coverImage_es_ES_t-3-768x1152.jpg 768w, http:\/\/elcolegiodehidalgo.edu.mx\/renper\/wp-content\/uploads\/2025\/11\/submission_349_349_coverImage_es_ES_t-3.jpg 799w\" sizes=\"auto, (max-width: 683px) 100vw, 683px\" \/><\/a><\/figure>\n<\/div><\/div>\n\n\n\n<div class=\"wp-block-column is-layout-flow wp-block-column-is-layout-flow\">\n<h4 class=\"wp-block-heading has-text-align-center\">Movilidad urbana y espacio urbano: Reflexiones, m\u00e9todos y contextos.<\/h4>\n\n\n<div class=\"wp-block-image\">\n<figure class=\"aligncenter size-full\"><a href=\"https:\/\/www.unipiloto.edu.co\/descargas\/LIB_Movilidad-Urbana-y-espacio-publico_17OCT.pdf\" target=\"_blank\" rel=\" noreferrer noopener\"><img loading=\"lazy\" decoding=\"async\" width=\"800\" height=\"800\" src=\"http:\/\/elcolegiodehidalgo.edu.mx\/renper\/wp-content\/uploads\/2026\/01\/1351342-800-800-1.png\" alt=\"\" class=\"wp-image-304\" srcset=\"http:\/\/elcolegiodehidalgo.edu.mx\/renper\/wp-content\/uploads\/2026\/01\/1351342-800-800-1.png 800w, http:\/\/elcolegiodehidalgo.edu.mx\/renper\/wp-content\/uploads\/2026\/01\/1351342-800-800-1-300x300.png 300w, http:\/\/elcolegiodehidalgo.edu.mx\/renper\/wp-content\/uploads\/2026\/01\/1351342-800-800-1-150x150.png 150w, http:\/\/elcolegiodehidalgo.edu.mx\/renper\/wp-content\/uploads\/2026\/01\/1351342-800-800-1-768x768.png 768w\" sizes=\"auto, (max-width: 800px) 100vw, 800px\" \/><\/a><\/figure>\n<\/div><\/div>\n\n\n\n<div class=\"wp-block-column is-layout-flow wp-block-column-is-layout-flow\"><\/div>\n<\/div>\n\n\n\n<hr class=\"wp-block-separator has-alpha-channel-opacity\"\/>\n\n\n\n<div class=\"wp-block-media-text is-stacked-on-mobile\" style=\"grid-template-columns:15% auto\"><figure class=\"wp-block-media-text__media\"><a href=\"https:\/\/doi.org\/10.20983\/noesis.2023.2\"><img decoding=\"async\" src=\"http:\/\/elcolegiodehidalgo.edu.mx:90\/renper\/images\/promocion-de-noesis-63-5.png\" alt=\"\"\/><\/a><\/figure><div class=\"wp-block-media-text__content\">\n<p><em>Los invitamos a analizar el siguiente art\u00edculo, de inter\u00e9s otorgado por la revista N\u00f3esis<\/em><\/p>\n<\/div><\/div>\n\n\n\n<div class=\"wp-block-media-text is-stacked-on-mobile is-image-fill-element\" style=\"grid-template-columns:15% auto\"><figure class=\"wp-block-media-text__media\"><img decoding=\"async\" src=\"http:\/\/elcolegiodehidalgo.edu.mx:90\/renper\/images\/imagen-publi-uacj.jpg\" alt=\"\" style=\"object-position:33% 58%\"\/><\/figure><div class=\"wp-block-media-text__content\">\n<p><strong>Publicaciones UACJ&nbsp;<\/strong><\/p>\n\n\n\n<p>Encuentros desde la etnograf\u00eda para mirar la arquitectura y la ciudad&nbsp;<\/p>\n\n\n\n<p>Link:&nbsp;<a href=\"https:\/\/elibros.uacj.mx\/omp\/index.php\/publicaciones\/catalog\/book\/262\">https:\/\/elibros.uacj.mx\/omp\/index.php\/publicaciones\/catalog\/book\/262<\/a><\/p>\n<\/div><\/div>\n\n\n\n<p><\/p>\n","protected":false},"excerpt":{"rendered":"<p>Considerando que la Red Nacional de Posgrados en Estudios Regionales (RENPER) es un espacio de divulgaci\u00f3n e intercambio acad\u00e9mico, en este sitio podr\u00e1n consultarse los trabajos editoriales m\u00e1s recientes de las instituciones que son parte de esta red. As\u00ed mismo, se pueden consultar algunas series estad\u00edsticas oficiales e informaci\u00f3n debidamente validada. Revista de Estudios Regionales, [&hellip;]<\/p>\n","protected":false},"author":1,"featured_media":0,"parent":0,"menu_order":0,"comment_status":"closed","ping_status":"closed","template":"","meta":{"footnotes":""},"class_list":["post-48","page","type-page","status-publish","hentry"],"_links":{"self":[{"href":"http:\/\/elcolegiodehidalgo.edu.mx\/renper\/index.php\/wp-json\/wp\/v2\/pages\/48","targetHints":{"allow":["GET"]}}],"collection":[{"href":"http:\/\/elcolegiodehidalgo.edu.mx\/renper\/index.php\/wp-json\/wp\/v2\/pages"}],"about":[{"href":"http:\/\/elcolegiodehidalgo.edu.mx\/renper\/index.php\/wp-json\/wp\/v2\/types\/page"}],"author":[{"embeddable":true,"href":"http:\/\/elcolegiodehidalgo.edu.mx\/renper\/index.php\/wp-json\/wp\/v2\/users\/1"}],"replies":[{"embeddable":true,"href":"http:\/\/elcolegiodehidalgo.edu.mx\/renper\/index.php\/wp-json\/wp\/v2\/comments?post=48"}],"version-history":[{"count":10,"href":"http:\/\/elcolegiodehidalgo.edu.mx\/renper\/index.php\/wp-json\/wp\/v2\/pages\/48\/revisions"}],"predecessor-version":[{"id":306,"href":"http:\/\/elcolegiodehidalgo.edu.mx\/renper\/index.php\/wp-json\/wp\/v2\/pages\/48\/revisions\/306"}],"wp:attachment":[{"href":"http:\/\/elcolegiodehidalgo.edu.mx\/renper\/index.php\/wp-json\/wp\/v2\/media?parent=48"}],"curies":[{"name":"wp","href":"https:\/\/api.w.org\/{rel}","templated":true}]}}