{"id":9,"date":"2020-01-22T21:48:33","date_gmt":"2020-01-22T21:48:33","guid":{"rendered":"http:\/\/localhost\/psidetuh\/wordpress\/2020\/01\/22\/coordinacion\/"},"modified":"2025-10-30T20:01:00","modified_gmt":"2025-10-30T20:01:00","slug":"coordinacion","status":"publish","type":"page","link":"http:\/\/elcolegiodehidalgo.edu.mx\/psidetuh\/coordinacion\/","title":{"rendered":"Coordinaci\u00f3n"},"content":{"rendered":"<p><span style=\"font-size: 12pt;\"><strong><span style=\"font-family: arial, helvetica, sans-serif;\">Coordinaci\u00f3n General<\/span><\/strong><\/span><\/p>\n<ul>\n<li><span style=\"color: #333333; font-size: 12pt; font-family: arial, helvetica, sans-serif;\">Dr. en Urb. Jos\u00e9 Iv\u00e1n Ram\u00edrez Avil\u00e9s<\/span><\/li>\n<li><span style=\"color: #333333; font-size: 12pt; font-family: arial, helvetica, sans-serif;\"><a href=\"mailto:jramirez@elcolegiodehidalgo.edu.mx\">jramirez@elcolegiodehidalgo.edu.mx<\/a>\u00a0<\/span><\/li>\n<\/ul>\n<p><span style=\"color: #333333; font-size: 12pt; font-family: arial, helvetica, sans-serif;\"><strong>Coordinaci\u00f3n Web Master y Dise\u00f1o Gr\u00e1fico<\/strong><\/span><\/p>\n<ul>\n<li><span style=\"font-family: arial, helvetica, sans-serif;\"><span style=\"font-size: 16px;\">Ing. Edgar Abel Cruz Montiel<\/span><\/span><\/li>\n<li><span style=\"font-family: arial, helvetica, sans-serif;\"><span style=\"font-size: 16px;\"><a href=\"mailto:ecruz@elcolegiodehidalgo.edu.mx\">ecruz@elcolegiodehidalgo.edu.mx<\/a>\u00a0<\/span><\/span><\/li>\n<\/ul>\n<p><span style=\"color: #333333; font-size: 12pt; font-family: arial, helvetica, sans-serif;\"><strong>Investigadores Corresponsables <\/strong><\/span><\/p>\n<ul>\n<li><span style=\"font-family: arial, helvetica, sans-serif;\"><span style=\"font-size: 16px;\">Lic. Gallardo Lina Alexis Uriel<\/span><\/span><\/li>\n<li><span style=\"font-family: arial, helvetica, sans-serif;\"><span style=\"font-size: 16px;\"><a href=\"mailto:agallardolina8@gmail.com\">agallardolina8@gmail.com<\/a>\u00a0<\/span><\/span><\/li>\n<\/ul>\n<p><span style=\"font-size: 12pt; font-family: arial, helvetica, sans-serif; color: #333333;\"><strong>Instituciones Participantes<\/strong><\/span><\/p>\n<ul>\n<li><span style=\"font-size: 12pt; font-family: arial, helvetica, sans-serif; color: #333333;\">Consejo Estatal de Poblaci\u00f3n Hidalgo<\/span><\/li>\n<li><span style=\"font-size: 12pt; font-family: arial, helvetica, sans-serif; color: #333333;\">El Colegio del Estado de Hidalgo<\/span><\/li>\n<\/ul>\n","protected":false},"excerpt":{"rendered":"<p>Coordinaci\u00f3n General Dr. en Urb. Jos\u00e9 Iv\u00e1n Ram\u00edrez Avil\u00e9s jramirez@elcolegiodehidalgo.edu.mx\u00a0 Coordinaci\u00f3n Web Master y Dise\u00f1o Gr\u00e1fico Ing. Edgar Abel Cruz Montiel ecruz@elcolegiodehidalgo.edu.mx\u00a0 Investigadores Corresponsables Lic. Gallardo Lina Alexis Uriel agallardolina8@gmail.com\u00a0 Instituciones Participantes Consejo Estatal de Poblaci\u00f3n Hidalgo El Colegio del Estado de Hidalgo<\/p>\n","protected":false},"author":1,"featured_media":0,"parent":0,"menu_order":4,"comment_status":"closed","ping_status":"open","template":"","meta":{"footnotes":""},"class_list":["post-9","page","type-page","status-publish","hentry"],"_links":{"self":[{"href":"http:\/\/elcolegiodehidalgo.edu.mx\/psidetuh\/wp-json\/wp\/v2\/pages\/9","targetHints":{"allow":["GET"]}}],"collection":[{"href":"http:\/\/elcolegiodehidalgo.edu.mx\/psidetuh\/wp-json\/wp\/v2\/pages"}],"about":[{"href":"http:\/\/elcolegiodehidalgo.edu.mx\/psidetuh\/wp-json\/wp\/v2\/types\/page"}],"author":[{"embeddable":true,"href":"http:\/\/elcolegiodehidalgo.edu.mx\/psidetuh\/wp-json\/wp\/v2\/users\/1"}],"replies":[{"embeddable":true,"href":"http:\/\/elcolegiodehidalgo.edu.mx\/psidetuh\/wp-json\/wp\/v2\/comments?post=9"}],"version-history":[{"count":1,"href":"http:\/\/elcolegiodehidalgo.edu.mx\/psidetuh\/wp-json\/wp\/v2\/pages\/9\/revisions"}],"predecessor-version":[{"id":95,"href":"http:\/\/elcolegiodehidalgo.edu.mx\/psidetuh\/wp-json\/wp\/v2\/pages\/9\/revisions\/95"}],"wp:attachment":[{"href":"http:\/\/elcolegiodehidalgo.edu.mx\/psidetuh\/wp-json\/wp\/v2\/media?parent=9"}],"curies":[{"name":"wp","href":"https:\/\/api.w.org\/{rel}","templated":true}]}}