{"id":300,"date":"2025-05-29T18:29:08","date_gmt":"2025-05-29T18:29:08","guid":{"rendered":"http:\/\/192.168.10.104\/drjose\/?page_id=300"},"modified":"2025-06-06T15:33:52","modified_gmt":"2025-06-06T15:33:52","slug":"dr-hector-jesus","status":"publish","type":"page","link":"http:\/\/elcolegiodehidalgo.edu.mx\/Observatorio_Megalopolitano_Hgo\/dr-hector-jesus\/","title":{"rendered":"Dr. H\u00e9ctor Jes\u00fas"},"content":{"rendered":"\n<div style=\"height:37px\" aria-hidden=\"true\" class=\"wp-block-spacer\"><\/div>\n\n\n\n<div class=\"wp-block-media-text is-stacked-on-mobile\" style=\"border-style:none;border-width:0px;border-radius:0px;padding-top:0;padding-right:0;padding-bottom:0;padding-left:0;grid-template-columns:18% auto\"><figure class=\"wp-block-media-text__media\"><img decoding=\"async\" width=\"152\" height=\"198\" src=\"http:\/\/192.168.10.104\/drjose\/wp-content\/uploads\/2025\/05\/Dr_HectorJTF.jpg\" alt=\"\" class=\"wp-image-302 size-full\"\/><\/figure><div class=\"wp-block-media-text__content\">\n<p class=\"has-large-font-size\"><strong>Dr. H\u00e9ctor Jes\u00fas Tapia Fern\u00e1ndez<\/strong><\/p>\n\n\n\n<p><strong>Correo:<\/strong>&nbsp;<a href=\"mailto:htapia@elcolegiodehidalgo.edu.mx\">htapia@elcolegiodehidalgo.edu.mx<\/a><\/p>\n\n\n\n<p><strong>Horario de atenci\u00f3n:&nbsp;<\/strong>09:00 a 17:00 horas<\/p>\n\n\n\n<p><strong>Direcci\u00f3n postal:&nbsp;<\/strong>Parque Cient\u00edfico y Tecnol\u00f3gico del Estado de Hidalgo, Edificio Tecnolog\u00eda, Bldv. Circuito La Concepci\u00f3n No. 3, C.P. 42162, La Concepci\u00f3n, San Agust\u00edn Tlaxiaca, Hidalgo..<\/p>\n<\/div><\/div>\n\n\n\n<div style=\"height:37px\" aria-hidden=\"true\" class=\"wp-block-spacer\"><\/div>\n\n\n\n<p>Profesor Investigador del Colegio del Estado de Hidalgo. Responsable del Laboratorio de Geom\u00e1tica del Colegio del Estado de Hidalgo. Especialista en Geom\u00e1tica y Sistemas de Informaci\u00f3n Geogr\u00e1fica.<\/p>\n\n\n\n<p>Miembro del Sistema Nacional de Investigadores (Candidato). Ingeniero en Geolog\u00eda Ambiental por el \u00c1rea Acad\u00e9mica de Ciencias de la Tierra y Materiales de la Universidad Aut\u00f3noma del Estado de Hidalgo (UAEH), Maestro en Ciencias con especialidad en Oceanograf\u00eda Geol\u00f3gica por el Instituto de Ciencias del Mar y Limnolog\u00eda (ICMYL-UNAM), y Doctor en Ciencias de la Tierra por el Instituto de Geolog\u00eda de la Universidad Nacional Aut\u00f3noma de M\u00e9xico (UNAM).<\/p>\n\n\n\n<p>Desde 2010 se ha desempe\u00f1ado como profesor por asignatura en el \u00c1rea Acad\u00e9mica de Ciencias de la Tierra y Materiales y en el \u00c1rea Acad\u00e9mica de Ingenier\u00eda de la Universidad Aut\u00f3noma del Estado de Hidalgo. Fue profesor por asignatura en el Instituto Tecnol\u00f3gico Superior de Venustiano Carranza. Y adem\u00e1s es profesor de geolog\u00eda en el Instituto Tecnol\u00f3gico de la Construcci\u00f3n Campus Hidalgo, que pertenece a la C\u00e1mara Mexicana de la Industria de la Construcci\u00f3n (CMIC)<\/p>\n\n\n\n<p>Su \u00e1rea de inter\u00e9s es la caracterizaci\u00f3n de los riesgos naturales del estado de Hidalgo (vulcanismo, sismicidad, fen\u00f3menos hidro-meteorol\u00f3gicos) y sus impactos en el desarrollo regional. Adem\u00e1s, ha participado en el Ordenamiento Territorial del Estado de Hidalgo y en el proyecto \u201cRegistro Nacional de Emisiones\u201d. Tambi\u00e9n ha participado en investigaci\u00f3n oceanogr\u00e1fica en los buques oceanogr\u00e1ficos de la UNAM (Justo Sierra y El Puma) sobre cambio clim\u00e1tico en el Golfo de M\u00e9xico y Pac\u00edfico mexicano.<\/p>\n\n\n\n<p>En producci\u00f3n editorial:&nbsp; Libro \u201cT\u00e9rminos de referencia para la elaboraci\u00f3n de los Atlas de Riesgos Antr\u00f3picos para el estado de Hidalgo\u201d.<\/p>\n\n\n\n<div style=\"height:37px\" aria-hidden=\"true\" class=\"wp-block-spacer\"><\/div>\n","protected":false},"excerpt":{"rendered":"<p>Dr. H\u00e9ctor Jes\u00fas Tapia Fern\u00e1ndez Correo:&nbsp;htapia@elcolegiodehidalgo.edu.mx Horario de atenci\u00f3n:&nbsp;09:00 a 17:00 horas Direcci\u00f3n postal:&nbsp;Parque Cient\u00edfico y Tecnol\u00f3gico del Estado de Hidalgo, Edificio Tecnolog\u00eda, Bldv. Circuito La Concepci\u00f3n No. 3, C.P. 42162, La Concepci\u00f3n, San Agust\u00edn Tlaxiaca, Hidalgo.. Profesor Investigador del Colegio del Estado de Hidalgo. Responsable del Laboratorio de Geom\u00e1tica del Colegio del Estado de [&hellip;]<\/p>\n","protected":false},"author":1,"featured_media":0,"parent":0,"menu_order":0,"comment_status":"closed","ping_status":"closed","template":"","meta":{"footnotes":""},"class_list":["post-300","page","type-page","status-publish","hentry"],"_links":{"self":[{"href":"http:\/\/elcolegiodehidalgo.edu.mx\/Observatorio_Megalopolitano_Hgo\/wp-json\/wp\/v2\/pages\/300","targetHints":{"allow":["GET"]}}],"collection":[{"href":"http:\/\/elcolegiodehidalgo.edu.mx\/Observatorio_Megalopolitano_Hgo\/wp-json\/wp\/v2\/pages"}],"about":[{"href":"http:\/\/elcolegiodehidalgo.edu.mx\/Observatorio_Megalopolitano_Hgo\/wp-json\/wp\/v2\/types\/page"}],"author":[{"embeddable":true,"href":"http:\/\/elcolegiodehidalgo.edu.mx\/Observatorio_Megalopolitano_Hgo\/wp-json\/wp\/v2\/users\/1"}],"replies":[{"embeddable":true,"href":"http:\/\/elcolegiodehidalgo.edu.mx\/Observatorio_Megalopolitano_Hgo\/wp-json\/wp\/v2\/comments?post=300"}],"version-history":[{"count":5,"href":"http:\/\/elcolegiodehidalgo.edu.mx\/Observatorio_Megalopolitano_Hgo\/wp-json\/wp\/v2\/pages\/300\/revisions"}],"predecessor-version":[{"id":447,"href":"http:\/\/elcolegiodehidalgo.edu.mx\/Observatorio_Megalopolitano_Hgo\/wp-json\/wp\/v2\/pages\/300\/revisions\/447"}],"wp:attachment":[{"href":"http:\/\/elcolegiodehidalgo.edu.mx\/Observatorio_Megalopolitano_Hgo\/wp-json\/wp\/v2\/media?parent=300"}],"curies":[{"name":"wp","href":"https:\/\/api.w.org\/{rel}","templated":true}]}}