{"id":283,"date":"2025-05-29T17:05:08","date_gmt":"2025-05-29T17:05:08","guid":{"rendered":"http:\/\/192.168.10.104\/drjose\/?page_id=283"},"modified":"2025-06-05T22:23:08","modified_gmt":"2025-06-05T22:23:08","slug":"283-2","status":"publish","type":"page","link":"http:\/\/elcolegiodehidalgo.edu.mx\/Observatorio_Megalopolitano_Hgo\/283-2\/","title":{"rendered":"Dr. Jes\u00fas Quiroz"},"content":{"rendered":"\n<div style=\"height:37px\" aria-hidden=\"true\" class=\"wp-block-spacer\"><\/div>\n\n\n\n<div class=\"wp-block-media-text is-stacked-on-mobile\" style=\"border-style:none;border-width:0px;border-radius:0px;padding-top:0;padding-right:0;padding-bottom:0;padding-left:0;grid-template-columns:18% auto\"><figure class=\"wp-block-media-text__media\"><img fetchpriority=\"high\" decoding=\"async\" width=\"416\" height=\"619\" src=\"http:\/\/192.168.10.104\/drjose\/wp-content\/uploads\/2025\/05\/Dr_JesusDQJ.png\" alt=\"\" class=\"wp-image-284 size-full\" srcset=\"http:\/\/elcolegiodehidalgo.edu.mx\/Observatorio_Megalopolitano_Hgo\/wp-content\/uploads\/2025\/05\/Dr_JesusDQJ.png 416w, http:\/\/elcolegiodehidalgo.edu.mx\/Observatorio_Megalopolitano_Hgo\/wp-content\/uploads\/2025\/05\/Dr_JesusDQJ-202x300.png 202w\" sizes=\"(max-width: 416px) 100vw, 416px\" \/><\/figure><div class=\"wp-block-media-text__content\">\n<p class=\"has-large-font-size\"><strong>Dr. Jes\u00fas David Quiroz Jim\u00e9nez<\/strong><\/p>\n\n\n\n<p><strong>Correo:<\/strong>&nbsp;<a href=\"mailto:jquiroz@elcolegiodehidalgo.edu.mx\" target=\"_blank\" rel=\"noreferrer noopener\">jquiroz@elcolegiodehidalgo.edu.mx<\/a><\/p>\n\n\n\n<p><strong>Horario de atenci\u00f3n:&nbsp;<\/strong>08:30 a 16:30 horas<\/p>\n\n\n\n<p><strong>Direcci\u00f3n postal:&nbsp;<\/strong>Parque Cient\u00edfico y Tecnol\u00f3gico del Estado de Hidalgo, Edificio Tecnolog\u00eda, Bldv. Circuito La Concepci\u00f3n No. 3, C.P. 42162, La Concepci\u00f3n, San Agust\u00edn Tlaxiaca, Hidalgo.<\/p>\n<\/div><\/div>\n\n\n\n<div style=\"height:37px\" aria-hidden=\"true\" class=\"wp-block-spacer\"><\/div>\n\n\n\n<p>De formaci\u00f3n soy Ingeniero en Geolog\u00eda Ambiental, egresado de la Universidad Aut\u00f3noma de Hidalgo (UAEH), realic\u00e9 mis estudios de maestr\u00eda y doctorado en el Posgrado en Ciencias de la Tierra en el Instituto de Geolog\u00eda de la Universidad Nacional Aut\u00f3noma de M\u00e9xico (UNAM). Tambi\u00e9n hice una estancia postdoctoral en Instituto Polit\u00e9cnico Nacional (IPN). Soy miembro del Sistema Nacional de Investigadores (SNI-1), Profesor Investigador del Colegio del Estado de Hidalgo (CEH) y profesor de la UAEH. El \u00e1rea de conocimiento en que me desempe\u00f1o refiere al Cambio Clim\u00e1tico en M\u00e9xico para los \u00faltimos 100 mil a\u00f1os mediante herramientas de Ciencias de la Tierra. Soy autor-coautor de diversos art\u00edculos cient\u00edficos y un cap\u00edtulo de libro, publicados en revistas de prestigio y alto impacto que se han divulgado en foros nacionales e internacionales. He contribuido al entendimiento de cambio clim\u00e1tico en subtr\u00f3pico de Norteam\u00e9rica, desarrollando y alimentando hip\u00f3tesis nuevas. Actualmente estudio el impacto clim\u00e1tico en el entorno ambiental-social del pa\u00eds y de Hidalgo, tambi\u00e9n colaboro con el Laboratorio de Geom\u00e1tica del CEH para evaluar los riesgos hidrometeorol\u00f3gicos municipales. Considero que el Cambio Clim\u00e1tico Actual representa la amenaza m\u00e1s grande a la humanidad, por lo tanto la adaptaci\u00f3n y mitigaci\u00f3n deben ser grandes ejes de planeaci\u00f3n.<\/p>\n\n\n\n<div style=\"height:37px\" aria-hidden=\"true\" class=\"wp-block-spacer\"><\/div>\n","protected":false},"excerpt":{"rendered":"<p>Dr. Jes\u00fas David Quiroz Jim\u00e9nez Correo:&nbsp;jquiroz@elcolegiodehidalgo.edu.mx Horario de atenci\u00f3n:&nbsp;08:30 a 16:30 horas Direcci\u00f3n postal:&nbsp;Parque Cient\u00edfico y Tecnol\u00f3gico del Estado de Hidalgo, Edificio Tecnolog\u00eda, Bldv. Circuito La Concepci\u00f3n No. 3, C.P. 42162, La Concepci\u00f3n, San Agust\u00edn Tlaxiaca, Hidalgo. De formaci\u00f3n soy Ingeniero en Geolog\u00eda Ambiental, egresado de la Universidad Aut\u00f3noma de Hidalgo (UAEH), realic\u00e9 mis estudios [&hellip;]<\/p>\n","protected":false},"author":1,"featured_media":0,"parent":0,"menu_order":0,"comment_status":"closed","ping_status":"closed","template":"","meta":{"footnotes":""},"class_list":["post-283","page","type-page","status-publish","hentry"],"_links":{"self":[{"href":"http:\/\/elcolegiodehidalgo.edu.mx\/Observatorio_Megalopolitano_Hgo\/wp-json\/wp\/v2\/pages\/283","targetHints":{"allow":["GET"]}}],"collection":[{"href":"http:\/\/elcolegiodehidalgo.edu.mx\/Observatorio_Megalopolitano_Hgo\/wp-json\/wp\/v2\/pages"}],"about":[{"href":"http:\/\/elcolegiodehidalgo.edu.mx\/Observatorio_Megalopolitano_Hgo\/wp-json\/wp\/v2\/types\/page"}],"author":[{"embeddable":true,"href":"http:\/\/elcolegiodehidalgo.edu.mx\/Observatorio_Megalopolitano_Hgo\/wp-json\/wp\/v2\/users\/1"}],"replies":[{"embeddable":true,"href":"http:\/\/elcolegiodehidalgo.edu.mx\/Observatorio_Megalopolitano_Hgo\/wp-json\/wp\/v2\/comments?post=283"}],"version-history":[{"count":10,"href":"http:\/\/elcolegiodehidalgo.edu.mx\/Observatorio_Megalopolitano_Hgo\/wp-json\/wp\/v2\/pages\/283\/revisions"}],"predecessor-version":[{"id":446,"href":"http:\/\/elcolegiodehidalgo.edu.mx\/Observatorio_Megalopolitano_Hgo\/wp-json\/wp\/v2\/pages\/283\/revisions\/446"}],"wp:attachment":[{"href":"http:\/\/elcolegiodehidalgo.edu.mx\/Observatorio_Megalopolitano_Hgo\/wp-json\/wp\/v2\/media?parent=283"}],"curies":[{"name":"wp","href":"https:\/\/api.w.org\/{rel}","templated":true}]}}